 of q?
19
Suppose 5*l = -8*y + 4*y + 5, y = 3*l - 20. Suppose 3*n - u - 5 = -0, -l = -4*n + 3*u. Suppose 0*s + 10 = n*s. List the prime factors of s.
5
Suppose 0 = -4*s + 5*z + 8, 5*s - z = -0*z + 10. Suppose 3*c + s*c = 10. Suppose 0 = c*k - 0 - 10. List the prime factors of k.
5
Let i(v) = v - 2. Let y be i(2). Suppose y*h = -h + 7. What are the prime factors of h?
7
Let r = -295 + 611. List the prime factors of r.
2, 79
Suppose 4 = -2*p + 6*p. Let x(h) = h + 3 + 3 + 2*h**2 - 7. What are the prime factors of x(p)?
2
Suppose 5*d = 3*m + 125, -2*d + d + 4*m = -25. Suppose -d = -3*c + 11. List the prime factors of c.
2, 3
Suppose -23 = -5*x + 7. Let w = x + -6. Suppose 34 = -w*l + 2*l. What are the prime factors of l?
17
Let q(d) = -d**3 + 6*d**2 + 9*d - 10. Let j be q(7). Suppose -j*f + 48 = 3*m, -f + 16 = m - 0*f. List the prime factors of m.
2
Let b(k) = k - 2. Let q be b(0). Let z be (-1 - q)*-2*-1. List the prime factors of z/(-6) - 28/(-3).
3
Let k be 2 - (-1 + -2) - 0. Let w be (k/10)/((-2)/(-20)). Suppose l - 31 = -w*p, -4*p = 3*l - 74 + 25. List the prime factors of l.
11
Let s be (8/14)/(4/14). Let d be (-1)/s - 19/2. List the prime factors of d/3*54/(-15).
2, 3
Let b = 25 + 46. What are the prime factors of b?
71
Suppose 2 = -k, 0 = -3*m - k - 3*k + 4. Let p(l) = 10*l - 3. Let s(u) = 7*u - 2. Let r(o) = 5*p(o) - 7*s(o). What are the prime factors of r(m)?
3
Suppose 2*o - 46 = -o - 2*d, 2 = d. List the prime factors of o.
2, 7
Suppose 3*m = 6*m - 105. Suppose -3*i - 81 = 3*u, -2 = -0*i + i. Let o = u + m. What are the prime factors of o?
2, 5
Suppose -5*m + 150 = -0*m. What are the prime factors of m?
2, 3, 5
Let w be 2/6 - (-13)/(-3). Let s = 7 + w. Suppose -s*j + 13 + 20 = 0. List the prime factors of j.
11
Let d(o) = o**3 + 4*o**2 - 6*o. Let p be d(4). Let g = -73 + p. List the prime factors of g.
31
Let c(q) = -q**3 - 3*q**2 - 7*q - 3. List the prime factors of c(-4).
41
Suppose 0 = -3*j + n + 60, -3*j - 2*j = -n - 100. List the prime factors of j.
2, 5
Let l(v) = 4*v + 3. Let h(u) = -u**2 + 7*u + 5. Let n be h(7). List the prime factors of l(n).
23
Let b = -3 - 7. Let j be b/1 + (-3)/(-1). What are the prime factors of (0 + -3)*j/3?
7
Let l be 8/6*(-3)/(-2). Let c(q) = 2*q + 0*q**2 - 1 + 4*q**l + 3 - 3*q**2. List the prime factors of c(-2).
2
Suppose -b - 2*b - 6 = d, 0 = -5*d - b + 12. Suppose g = -d*g - 8. What are the prime factors of (-2)/g*6*1?
2, 3
Let h = -16 + 22. Suppose -5*x + 64 = -h. Suppose -4*j = 5*a - 13, -4*a + x = 4*j - 2. What are the prime factors of j?
7
Let x(q) be the first derivative of q**3/3 + 44*q - 1. Let v be x(0). Let y = v - 31. List the prime factors of y.
13
List the prime factors of (-2 - -1)/(3/(-18)).
2, 3
Suppose -15*a + 2176 = a. List the prime factors of a.
2, 17
Suppose 4*m - 3 = -3*s + 11, -4*s = -4*m. Suppose 0 = -s*c + 13 + 17. List the prime factors of c.
3, 5
Let d(i) = 5*i. Let h be d(2). Suppose q - h = -q. Suppose 0 = 3*s - 3*l - 24, -2*s + 49 = q*l + 19. What are the prime factors of s?
2, 5
Suppose 4*m = -8 + 20. Suppose 18 + 18 = m*o. What are the prime factors of o?
2, 3
Let p be (0/2)/(3 + -1). Suppose -3 = -r - p*r. Suppose b - 3*y = -b + 8, -22 = -4*b + r*y. List the prime factors of b.
7
Suppose m - 36 = -m. Let p = 2 + m. List the prime factors of p.
2, 5
Let w(y) = 1 - 2*y**3 - 2*y**3 + 5*y**3. Suppose 6*s - 2 = 5*s. List the prime factors of w(s).
3
Suppose -2*t - 4*k = 0, -t = -0*t - 2*k. Suppose -5*n - 3*h = -26, t = 5*n + h + 4*h - 30. List the prime factors of n - (-1)/3*-3.
3
Suppose 1012 = 5*y - f + 321, 3*y = -f + 421. What are the prime factors of y?
139
Suppose 2*b = 2*j + 12, 5*j + 20 = -0*j. Let o = b - -38. Suppose -5*s = r - 16 - 4, 3*r + 5*s = o. What are the prime factors of r?
2, 5
Let t = -4 - -4. Suppose t = 3*g - g. Suppose r = -g*r + 14. List the prime factors of r.
2, 7
Let f(a) = a + 8. Suppose -26 = -d + 5*k, 4*d + 10 = -k + 30. Suppose 2*l = d*l. List the prime factors of f(l).
2
Suppose m = -4*j - 3 - 1, -3*m = 12. Suppose j*g + 13 = g. What are the prime factors of g?
13
Let c = -63 + 105. What are the prime factors of c?
2, 3, 7
Let d be (-90)/(-4)*(-14)/(-7). Let y = d + -25. List the prime factors of y.
2, 5
Let h(p) = 14*p. Let l(k) = -k**3 - 7*k**2 + 7*k - 7. Let d be l(-8). List the prime factors of h(d).
2, 7
Let r = -42 + 71. What are the prime factors of r?
29
What are the prime factors of (-5)/((-25)/(-21))*-5?
3, 7
Let s = 461 - 43. List the prime factors of s.
2, 11, 19
Suppose -5*f + 6 = -4. Suppose 0 = -5*o + 15, f*m + 7 = -2*o + 27. List the prime factors of 75/7 + 2/m.
11
Let p be (-60)/9 - (-3)/(-9). Let v be 16/7 + 2/p. Suppose v*f = -f + 27. What are the prime factors of f?
3
Let s be 42/8 + (-1)/4. Suppose -233 = -s*f - q - q, -52 = -f + 5*q. List the prime factors of f.
47
What are the prime factors of (-1332)/(-10) - 14/70?
7, 19
Suppose 3*f - 7*f = -8. Suppose -f*a - a = 0. Suppose -5*s + 39 + 21 = a. List the prime factors of s.
2, 3
Let v(q) = q**2 + q - 1. Let y be v(-3). Suppose k = -0*k. Suppose z + y*x = 21, -6*x + 3*x + 9 = k. List the prime factors of z.
2, 3
Let k(f) be the second derivative of f**3/6 - f**2/2 + 3*f. Let g be k(4). Suppose -4*i - 18 = -g*s + 15, -2*s = 5*i + 1. List the prime factors of s.
7
Let f be (5 - 4)*(10 + 0). Let v = 23 - f. List the prime factors of v.
13
Let v(y) = 7*y - 11. Let l(c) = 11*c - 17. Let p(d) = 5*l(d) - 8*v(d). Let i(r) = 8*r**3 - 2*r - 1. Let g be i(-1). List the prime factors of p(g).
2, 5
Let h = 26 - 18. Let p = h + -5. List the prime factors of p.
3
Suppose -3*j - 19 = -5*d - 153, 5*j - d - 238 = 0. List the prime factors of 952/j + (-2)/(-12).
2, 5
Let a = 3 + 1. Suppose -a*m + m + 36 = 0. Let l = -2 + m. List the prime factors of l.
2, 5
Suppose 10 = -s + 5*t, s + 4*t - 6 - 2 = 0. Let y = s + 2. Suppose 3*u = h - 0*h + 4, y*h = 2*u + 8. What are the prime factors of h?
2
Let v(f) = 2*f**2 + 2*f + 31. What are the prime factors of v(-11)?
251
Let s(p) be the third derivative of -p**6/120 + p**5/5 - 11*p**4/24 + p**3/3 - 2*p**2. List the prime factors of s(11).
2
Suppose -3*p + 5*t = 0, p + 2 = 2*t - t. Let v = 12 - p. List the prime factors of v.
17
Let u(t) = -t + 8. Suppose 1 = 4*b - x + 2, -5*b + 2*x - 2 = 0. Suppose -3*n = -b*n. What are the prime factors of u(n)?
2
What are the prime factors of 24*(-2)/6*-1?
2
Suppose -2*u = -u + 3*b + 4, -b = 2. What are the prime factors of (-5 + 1)*(-4)/u?
2
Suppose 7*m = 5*m + 20. List the prime factors of m.
2, 5
Let v(r) = -r**2 + 4*r - 1. Let b be v(2). Suppose 2*p - 18 = -0*p + 4*a, -3*p = -b*a - 39. What are the prime factors of p?
17
Suppose 0 = -5*k - 4*o - 26, -3*k + 3 = -o + 5. What are the prime factors of 189/12 - k/8?
2
Let n = 4 + 1. Suppose -1 + n = 2*w. List the prime factors of w/8 + 47/4.
2, 3
Let c = -113 - -256. What are the prime factors of c?
11, 13
What are the prime factors of (2/3)/(12/90)?
5
Let w be -3*2/(7 + -1). Let n = 2 - w. Suppose 3*f - 2*g - 31 = 0, -g - n*g = 20. List the prime factors of f.
7
Let n(o) = o**3 - 15*o**2 + o - 6. What are the prime factors of n(15)?
3
Let u = -36 + 416. List the prime factors of u.
2, 5, 19
Suppose 2*h - 1 = 9. Suppose -h*n = -2*n - 6. Suppose -n*r + 6 = -6. List the prime factors of r.
2, 3
Let f(u) = 2 + 2*u**2 + u - 2*u**2 + 4*u**2 - 5*u**2 + u**3. Suppose 0*v = -5*v. List the prime factors of f(v).
2
What are the prime factors of (-621)/(-92) + 1/4?
7
Let r be 1 + (1 - 1) + 1. Let v be (2 - 1)/(-2)*2. Let a = r - v. List the prime factors of a.
3
Suppose -4*s = -3*u - 133, -u = -0*s + s - 35. List the prime factors of s.
2, 17
Let v be (-164)/(-14) - (-6)/21. Suppose 3*x - q - 66 = 0, x + 2*q - 3 = v. Suppose n + 3 - 44 = 5*l, -n + l + x = 0. List the prime factors of n.
2
Let x(o) = -o. Let d(y) = -5*y. Let n(m) = -d(m) + 4*x(m). List the prime factors of n(10).
2, 5
Suppose -2*h + h + 36 = 0. Suppose 12 - h = -3*y. What are the prime factors of y?
2
Suppose 0 = -4*v - 5*s + 41, -2*v - 3*s = -v - 19. Suppose -36 = -4*x + 4*q, 3*q + 61 = 4*x + 4*q. Suppose -v*p = -6 - x. List the prime factors of p.
5
Let s = 27 - 14. List the prime factors of s.
13
Let d(x) = -x + 1. Let l(q) = -4 - q + 4. Let h(f) = 5*d(f) - 6*l(f). What are the prime factors of h(4)?
